-22 - -6) + 3 + -5 + 1.
-14
What is (5 - 11) + -4 - (-16 - -2)?
4
What is -15 + 5 + 26 + -16 - (3 - -2)?
-5
Evaluate -3 + (16 + -8 - -10) + 0 + 1.
16
What is -24 - 4 - (3 + (-14 - 0))?
-17
What is (-1 - -8) + 6 + (11 - 16)?
8
Calculate 13 - 0 - (561 - 566).
18
What is -13 + 24 + -18 + -6?
-13
Calculate -23 + (45 - 30) - (-2 - 24).
18
What is the value of -7 + (-3 - -8) - 10?
-12
What is the value of -1 + 0 + -26 + 11 + 38?
22
Calculate (10 - (24 + -18)) + -13.
-9
What is the value of 7 - ((-4 - 0 - -11) + 13 + 2)?
-15
What is -1 + -9 - -12 - (1 + 6) - -6?
1
(6 + -19 - -16) + 1
4
Calculate (-1 - -11) + 4 + (-7 - 2) - -1.
6
Evaluate (10 - 34) + (12 - -3).
-9
Evaluate (-11 - (-36 + 7)) + -21.
-3
Evaluate 214 + -217 + 0 + 1.
-2
What is the value of (45 - 43 - (0 - (-36 - -3))) + 10?
-21
What is 2 + 1 + (13 - -5 - -2 - 8)?
15
Calculate (-13 - -1) + (-18 - (-2 - (26 + -12))).
-14
Evaluate -9 + (-4 - (6 + (-39 - (-1 + 13)))).
32
Evaluate 31 - (-13 + 20) - 25.
-1
-20 + (16 - 20) + 24 - (8 - 1)
-7
What is the value of 7 - ((11 - 1) + -6)?
3
What is the value of (8 + -9 - 13) + 2 + -1?
-13
Calculate -5 + (11 + -7 - 1 - (-1 + 4)).
-5
What is the value of (-144 - -117) + -4 + 15?
-16
Evaluate 9 + (-11 + -2 + 4 - 18).
-18
-11 + 15 + 2 + -2 + -1
3
Calculate (30 - 56) + 23 + -14.
-17
Calculate 30 - (-13 + -26 + 54).
15
Evaluate (8 - (62 + -50)) + 7 + 2.
5
What is 24 - (54 - (39 + -11))?
-2
(34 - 13) + 28 + -32
17
Evaluate -2 + 19 + (-15 - -3 - -5) - 6.
4
What is (-17 - -6) + 43 + -7 + -10?
15
Evaluate (39 - -26) + -56 + (0 - 42) + -1.
-34
Calculate -5 - ((-7 + 0 - (0 - 9)) + -1).
-6
-3 - -7 - (4 + 1 - (7 - 1))
5
What is the value of -4 - (-4 + (3 - -7) - 5) - -9?
4
Evaluate (-8 - -2) + (-2 - -1) + -18 + 28.
3
What is the value of (3 - (-1 - -2)) + 36 + -39?
-1
Evaluate (-13 - (2 - -11 - (-5 - -9))) + -2.
-24
What is (-9 - -17 - 11) + -5 + (2 - -2)?
-4
Calculate -2 + -2 + -1 + (1 + -3 - 0).
-7
Evaluate 12 + (-78 - -78 - (1 - -25)).
-14
Evaluate 26 + -8 - (2 - -10).
6
Calculate 19 + (-36 + -51 - -37).
-31
Calculate 8 + 0 + (-5 + -2 - (32 - 29)).
-2
What is the value of 7 - -1 - (200 + -219)?
27
Calculate (22 - 0) + 68 + -82.
8
Calculate -6 + 0 + (44 + -45 - (6 + -25)).
12
(-13 - (63 - 20)) + 31
-25
Evaluate -23 + -8 + (-17 + 12 - -18).
-18
Evaluate -11 - -2 - (48 + -56 + 2 + 0).
-3
Evaluate -25 + (4 - -9) - -6.
-6
Evaluate -15 - (-33 - (-41 - -11)).
-12
(41 - (-15 - -50)) + 15 + -2
19
Evaluate (-3 - 18) + (-39 - -44 - 5).
-21
Calculate 9 - (7 + (-12 - -14) + 3).
-3
What is the value of (4 - 7 - -20) + (-3 - (-1 - -2))?
13
What is the value of 4 + -9 + (-3 - -6) - (-84 - -51)?
31
Calculate -41 - -22 - (-5 + -31).
17
What is (-29 - -62) + -16 - (4 - (4 - 2))?
15
Calculate (-2 - (-14 - 0)) + 153 + -193.
-28
Calculate -6 - (7 - (10 + 4)).
1
What is the value of (-21 - -28) + (7 - 1 - (-3 - 24))?
40
Evaluate 9 - (16 - (2 + -10 + 18)) - 20.
-17
Calculate 1 - -6 - (8 + -15 + 26 - 2).
-10
Evaluate 8 - 26 - 1 - 7.
-26
Calculate 22 + -85 + 81 + (-1 - 0) + 0.
17
What is -3 - (-9 + (4 - (-3 - -5)))?
4
16 + (-4 - -19) + -19
12
2 + (-5 - (-4 + 4)) + 4 - -4
5
-42 - -6 - -1 - -23
-12
Calculate -1 - (-7 + 5) - -2 - 16 - -6.
-7
Calculate 11 + (-38 - -36) + -39 + (4 - 0).
-26
What is -20 - (-38 - -32 - 33)?
19
What is 18 - 6 - (18 + 16 - 20)?
-2
14 - (1 + 17 + -16)
12
Calculate 4 + 2 + -11 + (7 - 5).
-3
Calculate (1 - 4) + -6 + -2 + 9 + -6.
-8
What is the value of 1 - ((0 - (21 - 12)) + 27)?
-17
What is -12 + -2 + (-371 - -375)?
-10
-23 + (-4 - (3 - 8)) + 8
-14
What is the value of -4 + 2 + (-53 - -71)?
16
Calculate 0 - (9 + 2 + -5).
-6
Evaluate -12 - ((1 - -10) + -19).
-4
-8 - (-10 - 7) - 20
-11
Evaluate -2 + (17 + -20 - 1) + -1 + 8.
1
Evaluate 2 - 16 - (-27 + 29 - (-5 + 13)).
-8
Evaluate 13 + -22 + 13 + 0 + 10.
14
What is -6 - ((-3 - -14) + -12) - 8?
-13
2 + -18 + (-12 - (-22 - -15))
-21
What is 20 + -67 + 22 + 22?
-3
What is the value of ((1 - 11) + (30 - 26) - -6) + 22?
22
Calculate (-3 - 0 - (-4 - -11)) + -7.
-17
What is the value of -72 + (71 - 43) - -18?
-26
What is -13 - (-22 + 4 + -5)?
10
(555 - 533) + (-1 - 15) + (14 - -1)
21
What is -4 + 6 - (-1 - (9 - (2 - 12)))?
22
What is 18 + -6 + 6 + -28?
-10
(-17 - (1 - 18)) + -2 + -5
-7
What is the value of (-20 - -12) + 20 + 4?
16
Evaluate 3 + (-1 - -3 - 2 - (-5 + 0)).
8
What is -8 + (13 - (-6 + 10)) - (1 + -7)?
7
Evaluate (27 - (32 + 6)) + 33.
22
Evaluate -11 + -8 + (12 - -1).
-6
(1 - (6 + (-14 - -15))) + -2
-8
Evaluate -9 + -38 + 4 + 40.
-3
Calculate 6 + -10 + 11 - (33 - 24) - -16.
14
What is the value of -22 - (-20 - -12 - (-5 + -11))?
-30
What is -13 + -5 + 15 + 1?
-2
11 + (-2 + (2 - (-1 - -15)) - -8)
5
Calculate 964 + -958 - (5 - -1 - 2 - 2).
4
What is 248 + -240 - (0 + -1 - -1)?
8
Calculate -15 - (13 - 18 - (0 + 4)).
-6
Calculate 1 + (3 - 1) + (-15 - 11).
-23
Evaluate 0 - -2 - (117 - 110).
-5
14 - (-114 + 110 + 31 + 1)
-14
Calculate -16 + (0 - (1 + 1 - (-33 - -38))).
-13
Evaluate -3 - -38 - (167 + -159).
27
Evaluate 55 - (27 + (-1 - 8 - 0)).
37
-1 - 1 - (-15 - -14 - 5)
4
What is 10 - (-5 + 39) - 5?
-29
What is the value of (33 + -31 - 23) + 1 + 9?
-11
What is the value of -18 + (-49 - -70) + (0 - 0 - 33)?
-30
What is the value of -17 + (30 + 3 - 38)?
-22
Calculate (4 - (1 - -6 - 3) - 1) + 12.
11
18 - (8 - (-7 + 6)) - -2
11
Evaluate -21 + 22 + -14 + 0.
-13
What is the value of (6 - 19) + 11 + -13 + 23?
8
Evaluate (-10 - (-14 + 10)) + -1 + 0 + 11.
4
What is 13 + -4 + 3 + 0 + -15?
-3
Evaluate 4 - (1 - (-16 + 13)).
0
What is the value of (9 - (24 - 11)) + 17 + -5?
8
(16 + -12 - (-4 + 1)) + -32 + 27
2
What is 17 + -5 + -7 + 2 + 4?
11
Calculate (-16 - -16 - -17) + (1 - 8).
10
What is the value of 6 - (-4 - (-9 + (-2 - -3)))?
2
What is the value of (3 - (12 + -1)) + 2 - 6?
-12
(0 - -2 - (-18 - -1)) + (181 - 186)
14
What is (6 - (-4 - (-2 - (8 + 1)))) + 8?
7
What is -13 - (-27 + (3 - (1 + -5)) - -10)?
-3
12 + (-14 - -4 - (-30 - -19))
13
What is -11 + 13 - 4 - (3 + -10)?
5
-6 - ((-25 - -12) + 17)
-10
What is the value of -10 - (5 - (8 + (-5 - -13) + -13))?
-12
(-8 - (-16 + 13)) + (8 - -36)
39
Evaluate 22 - (-3 + -15 + 34).
6
What is the value of -8 - (0 - (46 + (-2 - 3))) - 2?
31
Evaluate (11 - 8) + 7 + -28 + -6.
-24
What is the value of -12 + 0 + (-37 - -50)?
1
What is the value of 2 + (-21 - (1 - 3)) + (-1221 - -1230)?
-8
What is 2 - 7 - ((-5 - 0) + 3)?
-3
9 + (0 - 1 - 4) + -1 + -9
-6
Calculate (-2 - 4) + -1 + 1 + 15.
9
What is the value of -6 + 8 + 1 + -1 + -3 + -2?
-3
Calculate 18 - ((-2 - 4) + (15 - (4 - -5))).
18
What is (2 + 2 - 2) + -2 + (-17 - 17)?
-34
Calculate -27 + -3 + 18 - 6.
-18
-19 + 0 - -10 - 3 - -13
1
Evaluate 28 + -26 + 3 + (-6 - -2) + -1.
0
Evaluate -9 + (36 + -3 - (-1 - -4)).
21
What is the value of -11 - (-18 - (-1 + -18 + 3))?
-9
What is 8 + (-28 - (5 + -12)) - -7?
-6
2 + -7 + (-34 - -23) + 8
-8
What is the value of 0 + (4 - 8) - (-6 + 2 + -15)?
15
What is the value of -7 + 2 + (-8 - (-9 - -20) - -4)?
-20
What is the value of -4 + 2 + (-42 - -24) + 1?
-19
What is the value of -6 - (11 + -2) - -17?
2
Evaluate (5 - (-6 + 9 + -4)) + 7 - -3.
16
Evaluate -13 - (-7 + -1 + -60 + 48).
7
What is -26 - 23 - -31 - -44?
26
(6 - (-8 + -8)) + -23
-1
1 + -5 + (0 - -5) + 7
8
-12 + -1 + (17 - -10) - 2
12
Evaluate 17 - 35 - (-4 - 6).
-8
-2 - (-5 + (1 - -6)) - 4
-8
-7 + -2 + (90 - 103)
-22
16 + (-4 - -12) + -7 - (-26 + 26)
17
Evaluate -12 + (32 - 15) + -9.
-4
Calculate -3 + 2 + 0 + (12 - 23 - 11).
-23
What is the value of -23 - (-3 - (14 + (12 - (-2 - -20))))?
-12
Evaluate 5 + -12 + (6 - (-10 + -14 - -14)).
9
5 + 1 + 0 - (218 - 212)
0
Calculate 1 + 10 + (55 - 62) + 4 + -5.
3
What is the value of 5 - ((-2 - 7) + (2 - -4)) - 28?
-20
What is (-3 - (-18 - -2)) + 9 - (7 - 3)?
18
What is 1 - (2 + (-6 - (6 - 4)))?
7
Evaluate -10 - (6 - ((-9 - -1) + 14) - -7).
-17
0 + 1 - (9 - (20 - (1 - -14)))
-3
What is the value of -2 + 0 - ((-7 - -12) + -4) - -4?
1
Evaluate (-7 - (-8 - 1) - (-1 - 6)) + 7.
16
What is (10 + -2 + 6 - 13) + -13?
-12
Evaluate 146 + -144 + (-16 - 0).
-14
What is the value of -5 + (-17 - -11) - 2?
-13
What is (-12 - (-2 + -7)) + 6?
3
What is the value of -9 + (-8 - -26) + 6?
15
Calculate 5017 + -4999 + (1 - 6) + (1 - 0).
14
Evaluate -10 - (525 + -535 - (-1 - (1 + -1))).
-1
(-91 - -116) + -19 + 5
11
What is -24 + 17